{"id":628,"date":"2023-11-15T16:36:32","date_gmt":"2023-11-15T15:36:32","guid":{"rendered":"https:\/\/a-admin.fr\/?page_id=628"},"modified":"2023-11-15T16:50:09","modified_gmt":"2023-11-15T15:50:09","slug":"mentions-legales","status":"publish","type":"page","link":"https:\/\/a-admin.fr\/index.php\/colibri-wp\/mentions-legales\/","title":{"rendered":"Mentions l\u00e9gales"},"content":{"rendered":"\n<p class=\"has-large-font-size\">Propri\u00e9taire : <\/p>\n\n\n\n<p class=\"has-colibri-color-5-background-color has-background\">Nom et Pr\u00e9nom : KERHOAS Dana<br>Statut : Auto-entrepreneur<br>Siret : 95099195000011<br>Code APE : 8211Z<\/p>\n\n\n\n<p class=\"has-large-font-size\">Article 1 &#8211; \u00c9diteur :<\/p>\n\n\n\n<p>L&rsquo;\u00e9dition et la direction de la publication du site a-admin.fr est assur\u00e9e par Dana KERHOAS, domicili\u00e9e au 36 rue de Mulhouse 68400 Riedisheim, dont le num\u00e9ro de t\u00e9l\u00e9phone est 0771551231 et l&rsquo;adresse e-mail dana.kerhoas@a-admin.fr<\/p>\n\n\n\n<p class=\"has-large-font-size\">Article 2 &#8211; H\u00e9bergeur : <\/p>\n\n\n\n<p>L&rsquo;h\u00e9bergeur du site a-admin.fr est la soci\u00e9t\u00e9 OVH SAS, dont le si\u00e8ge social est situ\u00e9 au 2 rue Kellermann 59100 Roubaix <\/p>\n\n\n\n<p class=\"has-large-font-size\">Article 3 &#8211; Acc\u00e8s au site : <\/p>\n\n\n\n<p>Le site a-admin.fr est accessible par tout endroit, 7j\/7, 24h\/24 sauf cas de force majeure, interruption programm\u00e9e ou non et pouvant d\u00e9coulant d\u2019une n\u00e9cessit\u00e9 de maintenance. En cas de modification, interruption ou suspension des services le site a-admin.fr ne saurait \u00eatre tenu responsable.<\/p>\n\n\n\n<p class=\"has-large-font-size\">Article 4 : Collecte de donn\u00e9es :<\/p>\n\n\n\n<p>Le site est exempt\u00e9 de d\u00e9claration \u00e0 la Commission Nationale Informatique et Libert\u00e9s (CNIL) dans la<br>mesure o\u00f9 il ne collecte aucune donn\u00e9e concernant les utilisateurs.<\/p>\n\n\n\n<p><\/p>\n\n\n\n<p><\/p>\n\n\n\n<p class=\"has-luminous-dusk-gradient-background has-background\">Toute utilisation, reproduction, diffusion, commercialisation, modification de toute ou partie du site a-admin.fr, sans autorisation de l\u2019Editeur est prohib\u00e9e et pourra entra\u00een\u00e9e des actions et poursuites judiciaires telles que notamment pr\u00e9vues par le Code de la propri\u00e9t\u00e9 intellectuelle et le Code civil.<\/p>\n","protected":false},"excerpt":{"rendered":"<p>Propri\u00e9taire : Nom et Pr\u00e9nom : KERHOAS DanaStatut : Auto-entrepreneurSiret : 95099195000011Code APE : 8211Z Article 1 &#8211; \u00c9diteur : L&rsquo;\u00e9dition et la direction de la publication du site a-admin.fr est assur\u00e9e par Dana KERHOAS, domicili\u00e9e au 36 rue de Mulhouse 68400 Riedisheim, dont le num\u00e9ro de t\u00e9l\u00e9phone est 0771551231 et l&rsquo;adresse e-mail dana.kerhoas@a-admin.fr Article [&hellip;]<\/p>\n","protected":false},"author":1,"featured_media":0,"parent":16,"menu_order":1,"comment_status":"closed","ping_status":"closed","template":"","meta":{"footnotes":""},"class_list":["post-628","page","type-page","status-publish","hentry"],"_links":{"self":[{"href":"https:\/\/a-admin.fr\/index.php\/wp-json\/wp\/v2\/pages\/628","targetHints":{"allow":["GET"]}}],"collection":[{"href":"https:\/\/a-admin.fr\/index.php\/wp-json\/wp\/v2\/pages"}],"about":[{"href":"https:\/\/a-admin.fr\/index.php\/wp-json\/wp\/v2\/types\/page"}],"author":[{"embeddable":true,"href":"https:\/\/a-admin.fr\/index.php\/wp-json\/wp\/v2\/users\/1"}],"replies":[{"embeddable":true,"href":"https:\/\/a-admin.fr\/index.php\/wp-json\/wp\/v2\/comments?post=628"}],"version-history":[{"count":2,"href":"https:\/\/a-admin.fr\/index.php\/wp-json\/wp\/v2\/pages\/628\/revisions"}],"predecessor-version":[{"id":637,"href":"https:\/\/a-admin.fr\/index.php\/wp-json\/wp\/v2\/pages\/628\/revisions\/637"}],"up":[{"embeddable":true,"href":"https:\/\/a-admin.fr\/index.php\/wp-json\/wp\/v2\/pages\/16"}],"wp:attachment":[{"href":"https:\/\/a-admin.fr\/index.php\/wp-json\/wp\/v2\/media?parent=628"}],"curies":[{"name":"wp","href":"https:\/\/api.w.org\/{rel}","templated":true}]}}